04 = -266*q + 174 + 1318. Let l(t) = -t + 1 + 2*t**2 - 3*t**2 + 7*t. Calculate l(q).
1
Suppose -5*j = 3*g - 6*g + 213, -5*j + 142 = 2*g. Let s(k) = 33 + k**2 + 32 - g - 8*k. Give s(8).
-6
Suppose 2*l = -o - 4 - 4, 0 = 2*o - 4*l - 24. Let s(j) = -4*j**o + 3*j**2 - 6*j - 4*j + 4*j - 1 + 0*j. Calculate s(-5).
4
Let m = -40 + 39. Let a(t) = -t + 8. Let p(n) = -1. Let s be (-14)/6 + -1 - 34/51. Let y(v) = m*a(v) + s*p(v). Give y(7).
3
Let j(g) = -14*g + 1079. Let h be j(75). Let c(m) = m**2 - 22*m - 195. Give c(h).
8
Let j = -34595 + 34596. Let m(d) = -33*d + 8. Give m(j).
-25
Let y(a) = -53*a + 108. Let f be y(2). Let x(m) = -107 + 53 - 8*m**2 + 56. Determine x(f).
-30
Let r(f) = f**3 + 9*f**2 - 9*f + 42. Let j be r(-9). Let i = -113 + j. Let u(y) = y**2 - 7*y - 30. Determine u(i).
0
Let g(l) = l**3 + 3*l**2 - 13*l - 7. Let v(i) = -4*i**3 - 11*i**2 + 52*i + 27. Let o(a) = 11*g(a) + 3*v(a). Give o(-3).
-8
Suppose -w + 93*k + 13 = 90*k, -2*k - 6 = 0. Let s(o) = o**3 - 6*o**2 + 4*o + 3. What is s(w)?
-13
Let y(o) = 431*o + 430*o - 1 - 1261*o + 428*o. Let b(q) = -q + 4. Let g be b(5). Determine y(g).
-29
Let k(r) = -2*r**2 - 1. Let l be ((-7)/28)/(((-9)/12)/3). Let m(y) = -13*y**2 - y. Let c(g) = l*m(g) - 6*k(g). What is c(0)?
6
Let y(o) = o**2 - 26*o + 86. Let z be (-36)/4 + 4/(40/310). Determine y(z).
-2
Let i(u) be the third derivative of u**4/8 - 7*u**3/2 - 418*u**2. Let s(o) = -2*o + 18. Let m(a) = 4*i(a) + 5*s(a). Let y = -2 + -5. What is m(y)?
-8
Let j(h) = 6*h**3. Let v be 1150/(-1242) - 4/54. Let w(d) = -d**3 - 3*d**2 - 2*d. Let l be w(-2). Let o = v - l. Give j(o).
-6
Let i = 40703 - 40707. Let c(j) = 3*j**3 + 8*j**2 + 13*j + 5. Let g(n) = -n**3 - 3*n**2 - 4*n - 2. Let q(p) = -2*c(p) - 7*g(p). Give q(i).
12
Let y be (-44)/(-4*((-66)/36)/(-11)). Let m(l) = 43 + y*l**2 - 63*l**2 - l**3 - 41 - l. What is m(3)?
-1
Let x(v) = -v - 3. Let h be x(4). Let m = h - -12. Let g(j) = -6*j - 19. Let p(c) = 34*c + 111. Let w(i) = 23*g(i) + 4*p(i). What is w(m)?
-3
Suppose 1624 = -625*o + 828*o. Let f(i) be the second derivative of -i**5/20 + 7*i**4/12 + 5*i**3/3 - 5*i**2/2 + 3*i. Give f(o).
11
Let k(f) = f**3 + 4*f**2 + 2*f + 6. Let n(v) = 3*v**2 - 8*v**2 + 2*v - 3 + 1. Let m be n(1). Let h be 2/m - 396/110. Calculate k(h).
-2
Let m(y) = -y**2 + 3*y + 6. Let u(f) = f**2 - 32*f - 65. Let g(n) = 3*m(n) + u(n). Calculate g(-9).
-2
Suppose 5*t - 14 - 16 = 0. Let j(v) = v. Let p(r) be the first derivative of 3*r**2 + r - 59. Let n(b) = 5*j(b) - p(b). Determine n(t).
-7
Suppose 28*t = 85*t + 573 + 54. Let h(n) = 14 - 1 - n**2 - 9*n + 1. What is h(t)?
-8
Suppose -137*x + 135*x = -4*p - 36, -3 = p + x. Let j(v) = 2*v**3 + 16*v**2 + 4*v + 7. Give j(p).
77
Let u(m) be the first derivative of m**6/120 - m**5/10 + m**4/8 + m**3/3 - 3*m**2/2 - 10*m - 62. Let n(t) be the second derivative of u(t). Give n(3).
-16
Let n(d) be the first derivative of -2*d**3/3 - 5*d**2/2 + 19*d + 1040. Give n(-5).
-6
Let l = 221 + -216. Suppose h = 5*p + 9, l*h - 4*p = -p + 23. Let b(i) = -i**2 + 7*i - 1. Give b(h).
11
Let l(w) be the second derivative of 1/6*w**3 + 173*w - 10*w**2 + 0. What is l(11)?
-9
Let s = -601 + 603. Let c(q) = 9 + 28*q**s + 23*q**2 - 52*q**2 - 18*q. Determine c(-18).
9
Suppose -36 = -0*n + 4*n. Let b = -3 - n. Let k(w) be the second derivative of -w**5/20 + 7*w**4/12 - 5*w**3/6 + 27*w - 3. Determine k(b).
6
Let s(j) = 5*j**3 - 53*j**2 + 14*j - 96. Let v(u) = -u**3 + 13*u**2 - 3*u + 24. Let d(z) = -2*s(z) - 9*v(z). Determine d(-11).
-13
Let f(b) = -14*b**2 + 3*b**2 - 2*b - 12*b**2 - 1. Suppose 5*q + 5*u - 60 = 0, -3*u = 2*u - 15. Suppose -4*x = -5*p - q, -3*p + 2*x + 6 - 11 = 0. Calculate f(p).
-22
Let q be -4 - -2 - 9/(27/12). Let d(x) = 9*x**3 + 19*x**2 + 13*x + 7. Let u(r) = -4*r**3 - 9*r**2 - 6*r - 3. Let y(h) = -3*d(h) - 7*u(h). What is y(q)?
-18
Let h = -15830 - -15829. Let q(b) = 9*b + 4. Calculate q(h).
-5
Suppose -f + d = 2*f - 11, d + 16 = 4*f. Let x(r) = 3*r**2 - 19*r + 12*r + 0*r**3 + 3 + f*r**2 - r**3. Give x(6).
33
Let l(r) = -r**3 + r**2 + 15*r + 2. Let s(o) = 7*o**3 - 19*o**2 - 85*o + 10. Let j(g) = -6*l(g) - s(g). Give j(12).
62
Let t(v) = -12*v**2 - 3*v - 21. Let q(j) = 9*j**2 + 2*j + 18. Let x(i) = -7*q(i) - 6*t(i). Determine x(-1).
5
Let g(j) = -j**3 + 4*j**2 + 5*j - 4. Suppose 3*w + 8 = -4*f + 31, -5*w + 29 = 2*f. What is g(w)?
-4
Let v(n) = 2*n**3 - n - 2*n**2 + 3*n**2 + 0*n. Let y(d) = -1595*d - 31899. Let o be y(-20). Determine v(o).
2
Let t = 479 - 491. Let p(r) = -r**3 - 12*r**2 - r + 7. Calculate p(t).
19
Let t be 472/531*54/(-8). Let b(a) = -11*a. Let u(s) = -10*s - 1. Let g(r) = 4*b(r) - 5*u(r). What is g(t)?
-31
Let a(w) be the second derivative of 3*w**4/4 - w**2/2 - 996*w. Let s be (-6)/(-2) + 0 - 1. Suppose -15 + 17 = s*q. Give a(q).
8
Let a(f) = -211*f - 424. Let j(y) = 129*y + 3997. Let d be j(-31). Determine a(d).
-2
Let j(c) = -41*c**2 - 205*c - 5. Let f be j(-5). Let y(z) = 2*z**3 + 10*z**2 - 4. What is y(f)?
-4
Let z(k) = 218*k + 1959. Let l be z(-9). Let d(s) = 7*s**2 + 3*s - 2. Let p(t) = -4*t**2 - t + 1. Let a(h) = -3*d(h) - 5*p(h). Give a(l).
4
Let l(n) = -n - 22. Let g(t) = t + 24. Let i(x) = -2*g(x) - 3*l(x). Let f be i(-13). Let v(a) = -a + 3. What is v(f)?
-2
Let j(y) = 82*y - 26. Let r(c) = -33*c + 13. Let b(f) = 2*j(f) + 5*r(f). Suppose -3*s - 2*s = -40. Give b(s).
5
Let m(h) = -37*h + 172. Suppose 89*y + 25 = q + 86*y, 0 = 2*y + 14. Give m(q).
24
Let g(w) = 10*w**2 + 56*w - 38. Let p(m) = 3*m**2 + 18*m - 13. Let q(j) = 2*g(j) - 7*p(j). Determine q(-11).
48
Let b(x) = -69*x**3 + 142*x**2 - 13*x - 23. Let f(n) = -11*n**3 + 24*n**2 - 2*n - 4. Let j(w) = -3*b(w) + 19*f(w). What is j(15)?
8
Let q(l) = -l**3 + 7*l**2 + 2*l - 9. Let p be 65/9 + 10/(-45). Let y be q(p). Let i(n) = 12*n + 4 - 11*n - 4*n**3 - y + n**2. Give i(1).
-3
Let q = -11 + 18. Let j(d) = 220*d**2 - 5*d - 7 + 220*d**2 - 439*d**2. What is j(q)?
7
Let t(i) = -i**3 - 7*i**2 - i + 24. Let r(o) = -o**3 - 45*o**2 - 206*o - 37. Let z be r(-5). Give t(z).
31
Let z(r) = -3*r + 35. Let a = 11183 - 11169. Determine z(a).
-7
Let q = 1009 - 1006. Let h(j) be the second derivative of 0*j**2 + 2/3*j**3 + 3*j + 0. What is h(q)?
12
Let x(i) be the second derivative of -10*i**3/3 - 37*i**2 + 8334*i. What is x(-7)?
66
Let z(a) = -2*a - 23. Let t = -25 + 39. Suppose 0 = 3*g + 2*r + 41, 9*g - r - 66 = t*g. What is z(g)?
3
Let f(q) = 102*q**2 - 45 + 67*q**2 - 158*q**2 + 49 - 5*q. Calculate f(1).
10
Let p(n) = n**3 + 7*n**2 - 7*n + 9. Let s(m) = -3*m**2 - 14*m - 4. Let w(r) = -2*r**2 - 5*r - 3. Let t be w(-3). Let g be s(t). Let q = g - -20. What is p(q)?
1
Suppose -9*d = f - 10*d - 21, 2*f + 2*d - 42 = 0. Suppose 0 = -53*q + f*q + 224. Let i(u) = 3*u - 19. Calculate i(q).
2
Let t(g) = 4*g**2 + 25*g + 4. Suppose 8*m - 4*m + 12 = -4*o, 3*m = 2*o + 26. Let f(w) = -3*w**2 - 17*w - 3. Let q(l) = o*f(l) - 5*t(l). Determine q(6).
1
Let t(o) = -57*o + 34. Let q(p) = -34*p + 16. Let u(s) = -5*q(s) + 3*t(s). Give u(0).
22
Let l = 677 + -663. Suppose -12 = -4*t, -3*g + t + l = -4. Let f(y) = y**3 - 6*y**2 - y - 4. What is f(g)?
38
Let x be -6 - (-6 - -2) - -40. Suppose 0 = -17*g + 47 + x. Let m(c) = -1 + 0*c**2 - 3*c + c**2 + 0*c - 5. Determine m(g).
4
Let j(n) be the second derivative of 43*n**4/12 + n**3/6 - 934*n. What is j(-1)?
42
Let b(y) = y**3 - 6*y**2 - 3*y - 4. Let k be b(6). Let t be (-36)/(-60) + k/(-5). Let p(m) = 4*m - m + 4 - t*m + m. Give p(4).
0
Let a(c) = -c**3 - 9*c**2 + 13. Let k = 1263 - 1270. Determine a(k).
-85
Let y(t) = -t**2 + 6*t - 7. Let r be 2/(-4)*0/4 + 2. Let h(o) = o**2 + 6*o + 18. Let c(b) = b. Let x(n) = r*c(n) + h(n). Let f be x(-6). Calculate y(f).
-7
Let x(r) = r**3 + 9*r**2 - 7*r + 33. Let a be x(-10). Let j(u) = 5*u**2 - 7*u + 7. Let p(m) = 4*m**2 - 6*m + 6. Let c(b) = a*j(b) - 4*p(b). What is c(5)?
-13
Let b(i) = i**2 - 16*i - 8. Let t = 24933 - 24918. What is b(t)?
-23
Let l(p) be the first derivative of -5*p**2/2 + 44*p + 4237. What is l(15)?
-31
Suppose -34*y - 2 = -33*y. Let n(m) = -9*m - 9*m - 15*m + 37*m. What is n(y)?
-8
Let y(u) = 17*u + 19*u + 19*u - 62 - 65*u. What is y(-5)?
-12
Let n(q) = q**2 - 17*q + 1. Let x be 13 - -3*(-52)/(-39). What is n(x)?
1
Let b = 189 + -194. Suppose g - 3*a = a - 5, -12 = -2*g - 3*a. Let q(k) = -11*k**2 